{"id":2934,"date":"2025-07-10T22:40:35","date_gmt":"2025-07-10T15:40:35","guid":{"rendered":"https:\/\/phsflorist.com\/?post_type=product&#038;p=2934"},"modified":"2025-07-10T22:40:48","modified_gmt":"2025-07-10T15:40:48","slug":"hc003","status":"publish","type":"product","link":"https:\/\/phsflorist.com\/?product=hc003","title":{"rendered":"HC003"},"content":{"rendered":"<p>\ud83c\udf3b B\u00f3 Hoa c\u01b0\u1edbi \u201cN\u1ee5 C\u01b0\u1eddi \u00c1nh N\u1eafng\u201d \u2013 Vui T\u01b0\u01a1i Nh\u01b0 Ch\u00ednh Em \u2600\ufe0f<br \/>\nH\u01b0\u1edbng d\u01b0\u01a1ng lu\u00f4n h\u01b0\u1edbng v\u1ec1 m\u1eb7t tr\u1eddi \u2013 nh\u01b0 c\u00e1ch em lu\u00f4n lan t\u1ecfa n\u0103ng l\u01b0\u1ee3ng t\u00edch c\u1ef1c v\u00e0 ni\u1ec1m tin v\u00e0o nh\u1eefng \u0111i\u1ec1u t\u1ed1t \u0111\u1eb9p.<br \/>\nLan v\u0169 n\u1eef v\u00e0ng nh\u1eb9 nh\u00e0ng \u0111ong \u0111\u01b0a \u2013 nh\u01b0 nh\u1eefng v\u0169 \u0111i\u1ec7u nh\u1ecf g\u00f3p ph\u1ea7n ho\u00e0n thi\u1ec7n v\u1ebb r\u1ea1ng r\u1ee1 c\u1ee7a ng\u00e0y h\u00f4m nay<\/p>\n<p>\ud83d\udcac L\u1eddi g\u1eedi g\u1eafm:<br \/>\n\u201cEm l\u00e0 \u00e1nh m\u1eb7t tr\u1eddi trong l\u00f2ng ai \u0111\u00f3 \u2013 t\u1ecfa s\u00e1ng, \u1ea5m \u00e1p v\u00e0 kh\u00f4ng bao gi\u1edd t\u1eaft.\u201d<\/p>\n","protected":false},"excerpt":{"rendered":"<p>\ud83c\udf3b B\u00f3 Hoa c\u01b0\u1edbi \u201cN\u1ee5 C\u01b0\u1eddi \u00c1nh N\u1eafng\u201d \u2013 Vui T\u01b0\u01a1i Nh\u01b0 Ch\u00ednh Em \u2600\ufe0f H\u01b0\u1edbng d\u01b0\u01a1ng lu\u00f4n h\u01b0\u1edbng v\u1ec1 m\u1eb7t tr\u1eddi \u2013 nh\u01b0 c\u00e1ch em lu\u00f4n lan t\u1ecfa n\u0103ng l\u01b0\u1ee3ng t\u00edch c\u1ef1c v\u00e0 ni\u1ec1m tin v\u00e0o nh\u1eefng \u0111i\u1ec1u t\u1ed1t \u0111\u1eb9p. Lan v\u0169 n\u1eef v\u00e0ng nh\u1eb9 nh\u00e0ng \u0111ong \u0111\u01b0a \u2013 nh\u01b0 nh\u1eefng v\u0169 \u0111i\u1ec7u nh\u1ecf [&#8230;]\n","protected":false},"featured_media":2936,"comment_status":"open","ping_status":"closed","template":"","meta":{"om_disable_all_campaigns":false,"_monsterinsights_skip_tracking":false,"_monsterinsights_sitenote_active":false,"_monsterinsights_sitenote_note":"","_monsterinsights_sitenote_category":0},"product_brand":[],"product_cat":[17],"product_tag":[],"class_list":{"0":"post-2934","1":"product","2":"type-product","3":"status-publish","4":"has-post-thumbnail","6":"product_cat-bouquets","8":"first","9":"instock","10":"shipping-taxable","11":"purchasable","12":"product-type-simple"},"aioseo_notices":[],"_links":{"self":[{"href":"https:\/\/phsflorist.com\/index.php?rest_route=\/wp\/v2\/product\/2934","targetHints":{"allow":["GET"]}}],"collection":[{"href":"https:\/\/phsflorist.com\/index.php?rest_route=\/wp\/v2\/product"}],"about":[{"href":"https:\/\/phsflorist.com\/index.php?rest_route=\/wp\/v2\/types\/product"}],"replies":[{"embeddable":true,"href":"https:\/\/phsflorist.com\/index.php?rest_route=%2Fwp%2Fv2%2Fcomments&post=2934"}],"wp:featuredmedia":[{"embeddable":true,"href":"https:\/\/phsflorist.com\/index.php?rest_route=\/wp\/v2\/media\/2936"}],"wp:attachment":[{"href":"https:\/\/phsflorist.com\/index.php?rest_route=%2Fwp%2Fv2%2Fmedia&parent=2934"}],"wp:term":[{"taxonomy":"product_brand","embeddable":true,"href":"https:\/\/phsflorist.com\/index.php?rest_route=%2Fwp%2Fv2%2Fproduct_brand&post=2934"},{"taxonomy":"product_cat","embeddable":true,"href":"https:\/\/phsflorist.com\/index.php?rest_route=%2Fwp%2Fv2%2Fproduct_cat&post=2934"},{"taxonomy":"product_tag","embeddable":true,"href":"https:\/\/phsflorist.com\/index.php?rest_route=%2Fwp%2Fv2%2Fproduct_tag&post=2934"}],"curies":[{"name":"wp","href":"https:\/\/api.w.org\/{rel}","templated":true}]}}