{"id":2771,"date":"2025-07-09T23:41:10","date_gmt":"2025-07-09T16:41:10","guid":{"rendered":"https:\/\/phsflorist.com\/?post_type=product&#038;p=2771"},"modified":"2025-07-30T23:38:18","modified_gmt":"2025-07-30T16:38:18","slug":"hd002","status":"publish","type":"product","link":"https:\/\/phsflorist.com\/?product=hd002","title":{"rendered":"HB008"},"content":{"rendered":"<p data-start=\"0\" data-end=\"56\"><strong data-start=\"0\" data-end=\"56\">\ud83c\udf3b B\u00f3 hoa h\u01b0\u1edbng d\u01b0\u01a1ng \u2013 M\u1ea1nh m\u1ebd v\u00e0 \u0111\u1ea7y n\u0103ng l\u01b0\u1ee3ng \ud83c\udf3f<\/strong><\/p>\n<p data-start=\"58\" data-end=\"123\">B\u00f3 hoa \u0111\u01b0\u1ee3c thi\u1ebft k\u1ebf \u1ea5n t\u01b0\u1ee3ng v\u1edbi tone v\u00e0ng \u2013 xanh \u2013 n\u00e2u tr\u1ea7m \u1ea5m:<\/p>\n<ul data-start=\"125\" data-end=\"356\">\n<li data-start=\"125\" data-end=\"195\">\n<p data-start=\"127\" data-end=\"195\">\ud83c\udf3b <strong data-start=\"130\" data-end=\"152\">H\u01b0\u1edbng d\u01b0\u01a1ng r\u1ef1c r\u1ee1<\/strong> \u2013 bi\u1ec3u t\u01b0\u1ee3ng c\u1ee7a s\u1ef1 l\u1ea1c quan v\u00e0 s\u1ee9c s\u1ed1ng<\/p>\n<\/li>\n<li data-start=\"196\" data-end=\"268\">\n<p data-start=\"198\" data-end=\"268\">\ud83c\udf3f <strong data-start=\"201\" data-end=\"232\">C\u1ecf n\u1ee5 xanh v\u00e0 l\u00e1 eucalyptus<\/strong> \u2013 t\u1ea1o c\u1ea3m gi\u00e1c t\u01b0\u01a1i m\u00e1t, hi\u1ec7n \u0111\u1ea1i<\/p>\n<\/li>\n<li data-start=\"269\" data-end=\"356\">\n<p data-start=\"271\" data-end=\"356\">\ud83d\udd4a\ufe0f \u0110i\u1ec3m nh\u1ea5n <strong data-start=\"285\" data-end=\"303\">hoa thi\u00ean \u0111i\u1ec3u<\/strong> \u2013 mang d\u00e1ng d\u1ea5p t\u1ef1 do, ph\u00f3ng kho\u00e1ng v\u00e0 \u0111\u1ea7y kh\u00e1c bi\u1ec7t<\/p>\n<\/li>\n<\/ul>\n<p data-start=\"358\" data-end=\"495\">G\u00f3i trong gi\u1ea5y kraft n\u00e2u vintage c\u00f9ng ruy b\u0103ng v\u1ea3i b\u1ed1 nh\u1eb9 nh\u00e0ng, t\u1ed5ng th\u1ec3 b\u00f3 hoa to\u00e1t l\u00ean n\u00e9t <strong data-start=\"452\" data-end=\"494\">m\u1ea1nh m\u1ebd, c\u00e1 t\u00ednh nh\u01b0ng v\u1eabn \u0111\u1ea7y tinh t\u1ebf<\/strong>.<\/p>\n<p data-start=\"497\" data-end=\"691\"><strong data-start=\"497\" data-end=\"513\">Ph\u00f9 h\u1ee3p cho:<\/strong><br \/>\n\ud83c\udf81 T\u1eb7ng nam gi\u1edbi ho\u1eb7c ng\u01b0\u1eddi y\u00eau th\u00edch phong c\u00e1ch hi\u1ec7n \u0111\u1ea1i<br data-start=\"571\" data-end=\"574\" \/>\ud83c\udf93 Ch\u00fac m\u1eebng t\u1ed1t nghi\u1ec7p, kh\u1edfi nghi\u1ec7p, khai tr\u01b0\u01a1ng<br data-start=\"623\" data-end=\"626\" \/>\ud83d\udcbc G\u1eedi t\u1eb7ng \u0111\u1ed3ng nghi\u1ec7p, s\u1ebfp v\u1edbi th\u00f4ng \u0111i\u1ec7p m\u1ea1nh m\u1ebd v\u00e0 t\u00edch c\u1ef1c<\/p>\n<p data-start=\"693\" data-end=\"793\"><strong data-start=\"693\" data-end=\"708\">Th\u00f4ng \u0111i\u1ec7p:<\/strong> \u201cH\u00e3y lu\u00f4n v\u01b0\u01a1n m\u00ecnh v\u1ec1 ph\u00eda \u00e1nh s\u00e1ng \u2013 nh\u01b0 h\u01b0\u1edbng d\u01b0\u01a1ng gi\u1eefa cu\u1ed9c \u0111\u1eddi \u0111\u1ea7y th\u1eed th\u00e1ch.\u201d<\/p>\n","protected":false},"excerpt":{"rendered":"<p>\ud83c\udf3b B\u00f3 hoa h\u01b0\u1edbng d\u01b0\u01a1ng \u2013 M\u1ea1nh m\u1ebd v\u00e0 \u0111\u1ea7y n\u0103ng l\u01b0\u1ee3ng \ud83c\udf3f B\u00f3 hoa \u0111\u01b0\u1ee3c thi\u1ebft k\u1ebf \u1ea5n t\u01b0\u1ee3ng v\u1edbi tone v\u00e0ng \u2013 xanh \u2013 n\u00e2u tr\u1ea7m \u1ea5m: \ud83c\udf3b H\u01b0\u1edbng d\u01b0\u01a1ng r\u1ef1c r\u1ee1 \u2013 bi\u1ec3u t\u01b0\u1ee3ng c\u1ee7a s\u1ef1 l\u1ea1c quan v\u00e0 s\u1ee9c s\u1ed1ng \ud83c\udf3f C\u1ecf n\u1ee5 xanh v\u00e0 l\u00e1 eucalyptus \u2013 t\u1ea1o c\u1ea3m gi\u00e1c [&#8230;]\n","protected":false},"featured_media":2773,"comment_status":"open","ping_status":"closed","template":"","meta":{"om_disable_all_campaigns":false,"_monsterinsights_skip_tracking":false,"_monsterinsights_sitenote_active":false,"_monsterinsights_sitenote_note":"","_monsterinsights_sitenote_category":0},"product_brand":[],"product_cat":[49],"product_tag":[],"class_list":{"0":"post-2771","1":"product","2":"type-product","3":"status-publish","4":"has-post-thumbnail","6":"product_cat-hoa-bo","8":"first","9":"instock","10":"shipping-taxable","11":"purchasable","12":"product-type-simple"},"aioseo_notices":[],"_links":{"self":[{"href":"https:\/\/phsflorist.com\/index.php?rest_route=\/wp\/v2\/product\/2771","targetHints":{"allow":["GET"]}}],"collection":[{"href":"https:\/\/phsflorist.com\/index.php?rest_route=\/wp\/v2\/product"}],"about":[{"href":"https:\/\/phsflorist.com\/index.php?rest_route=\/wp\/v2\/types\/product"}],"replies":[{"embeddable":true,"href":"https:\/\/phsflorist.com\/index.php?rest_route=%2Fwp%2Fv2%2Fcomments&post=2771"}],"wp:featuredmedia":[{"embeddable":true,"href":"https:\/\/phsflorist.com\/index.php?rest_route=\/wp\/v2\/media\/2773"}],"wp:attachment":[{"href":"https:\/\/phsflorist.com\/index.php?rest_route=%2Fwp%2Fv2%2Fmedia&parent=2771"}],"wp:term":[{"taxonomy":"product_brand","embeddable":true,"href":"https:\/\/phsflorist.com\/index.php?rest_route=%2Fwp%2Fv2%2Fproduct_brand&post=2771"},{"taxonomy":"product_cat","embeddable":true,"href":"https:\/\/phsflorist.com\/index.php?rest_route=%2Fwp%2Fv2%2Fproduct_cat&post=2771"},{"taxonomy":"product_tag","embeddable":true,"href":"https:\/\/phsflorist.com\/index.php?rest_route=%2Fwp%2Fv2%2Fproduct_tag&post=2771"}],"curies":[{"name":"wp","href":"https:\/\/api.w.org\/{rel}","templated":true}]}}